{"id":2337,"date":"2022-02-12T14:13:18","date_gmt":"2022-02-12T14:13:18","guid":{"rendered":"https:\/\/rayoflightthemes.com\/wordpress-themes\/candidates-wordpress-theme\/?page_id=2337"},"modified":"2024-08-07T15:58:20","modified_gmt":"2024-08-07T13:58:20","slug":"blog-list","status":"publish","type":"page","link":"https:\/\/www2.jurencakova.cz\/index.php\/blog-list\/","title":{"rendered":"SEZNAM \u010dl\u00e1nk\u016f"},"content":{"rendered":"","protected":false},"excerpt":{"rendered":"","protected":false},"author":1,"featured_media":0,"parent":0,"menu_order":0,"comment_status":"closed","ping_status":"closed","template":"page-templates\/blog-archive-columns1a.php","meta":{"footnotes":""},"class_list":["post-2337","page","type-page","status-publish","hentry"],"_links":{"self":[{"href":"https:\/\/www2.jurencakova.cz\/index.php\/wp-json\/wp\/v2\/pages\/2337","targetHints":{"allow":["GET"]}}],"collection":[{"href":"https:\/\/www2.jurencakova.cz\/index.php\/wp-json\/wp\/v2\/pages"}],"about":[{"href":"https:\/\/www2.jurencakova.cz\/index.php\/wp-json\/wp\/v2\/types\/page"}],"author":[{"embeddable":true,"href":"https:\/\/www2.jurencakova.cz\/index.php\/wp-json\/wp\/v2\/users\/1"}],"replies":[{"embeddable":true,"href":"https:\/\/www2.jurencakova.cz\/index.php\/wp-json\/wp\/v2\/comments?post=2337"}],"version-history":[{"count":1,"href":"https:\/\/www2.jurencakova.cz\/index.php\/wp-json\/wp\/v2\/pages\/2337\/revisions"}],"predecessor-version":[{"id":2667,"href":"https:\/\/www2.jurencakova.cz\/index.php\/wp-json\/wp\/v2\/pages\/2337\/revisions\/2667"}],"wp:attachment":[{"href":"https:\/\/www2.jurencakova.cz\/index.php\/wp-json\/wp\/v2\/media?parent=2337"}],"curies":[{"name":"wp","href":"https:\/\/api.w.org\/{rel}","templated":true}]}}